etermine b(-3).
-25
Let h(v) = -2*v**2 - 18*v + 8. Give h(-9).
8
Let x(g) = g**3 + 5*g**2 + 3*g + 1. What is x(-5)?
-14
Let m(i) = -i**2 - 29*i - 29. Determine m(-28).
-1
Let u(f) = -f**3 - 3*f**2 + 33*f + 118. What is u(-4)?
2
Let d(h) = h**3 - 4*h**2 + 10*h + 4. What is d(2)?
16
Let u(p) = -p**2 + 19*p - 38. Give u(4).
22
Let f(k) = k - 50. Determine f(20).
-30
Let v(w) = 3*w + 4. Determine v(8).
28
Let s(q) = 11*q + 20. Determine s(-2).
-2
Let w(f) = f**2 - 68*f - 606. Determine w(-8).
2
Let b(r) = 2*r**3 - 11*r**2 + r + 4. What is b(5)?
-16
Let p(x) = x**3 - 4*x**2 - 5*x - 2. What is p(5)?
-2
Let w(r) = -r**2 + 3*r + 1. Calculate w(-2).
-9
Let g(d) = d**2 + 6*d - 4. What is g(-7)?
3
Let j(q) = -7*q. Calculate j(1).
-7
Let c(r) = 2*r**2 + r - 6. Give c(0).
-6
Let b(y) = -91*y - 1459. Give b(-16).
-3
Let f(r) = -r - 21. Determine f(-17).
-4
Let q(h) = h - 11. Determine q(14).
3
Let a(l) = l**2 - 23*l - 38. What is a(25)?
12
Let b(g) = 3*g + 52. Determine b(-18).
-2
Let f(c) = -c**3 - c**2 + 9*c - 1. What is f(-4)?
11
Let y(k) = 5*k + 13. Determine y(-21).
-92
Let n(s) = s**2 + 5*s - 11. What is n(-8)?
13
Let u(x) = 5*x**2 - 260*x + 3. Give u(52).
3
Let i(k) = -k**3 + 7*k**2 - 13*k + 6. What is i(4)?
2
Let m(s) = -14*s**3 + s**2 + 3*s + 3. Calculate m(-1).
15
Let l(p) = -31*p - 177. Give l(-6).
9
Let l(h) = -5*h - 92. Calculate l(-27).
43
Let y(b) = -b**3 - 12*b**2 - 17. Determine y(-12).
-17
Let i(o) = -10*o - 330. Calculate i(-32).
-10
Let n(f) = -3*f - 16. Calculate n(5).
-31
Let h(y) = -y**3 + 20*y**2 - 11*y - 24. Calculate h(19).
128
Let k(b) = b**2 + 14*b - 3. Determine k(-15).
12
Let d(z) = 5*z + 4. Calculate d(-6).
-26
Let f(c) = -2*c - 46. Determine f(-22).
-2
Let s(q) = -q**2 + 9*q - 12. Determine s(6).
6
Let v(u) = -u + 10. Calculate v(0).
10
Let b(k) = 2*k**3 + 14*k**2 + 13*k + 21. Give b(-6).
15
Let z(v) = -v**3 - 3*v**2 + 23*v + 30. Calculate z(-6).
0
Let w(a) = -4*a**2 + 27*a + 15. Determine w(7).
8
Let t(o) = o**3 + 16*o**2 + 36*o + 319. Give t(-15).
4
Let k(c) = -3*c**2 + 19*c. Give k(6).
6
Let n(t) = -t**3 - 20*t**2 - 19*t. What is n(-19)?
0
Let h(k) = 2*k**3 - 5*k**2 + k + 9. Calculate h(4).
61
Let f(g) = 3*g**2 - 30*g - 3. Determine f(10).
-3
Let f(y) = -13*y**2 - y. Give f(-2).
-50
Let s(o) = -20*o + 17. What is s(1)?
-3
Let q(y) = -y**3 - 2*y**2 + 2*y - 13. Determine q(0).
-13
Let k(u) = 3*u**2 - 14*u + 10. Give k(4).
2
Let t(d) = -16*d - 1. Calculate t(-1).
15
Let r(o) = -o**2 - o - 6. Calculate r(0).
-6
Let h(y) = 2*y**3 - 6*y**2 - 2*y - 14. Give h(5).
76
Let w(b) = -b**3 + 2*b**2 - 7*b + 4. Calculate w(1).
-2
Let o(z) = -2*z**2 - 15*z - 15. Calculate o(-8).
-23
Let q(p) = 3*p**3 + 11*p**2 - 2*p + 4. Give q(-5).
-86
Let w(f) = f**2 + 3*f - 1. Determine w(-5).
9
Let t(b) = 2*b + 1. Calculate t(-2).
-3
Let y(m) = -6*m + 43. What is y(-6)?
79
Let z(m) = -m - 16. Give z(11).
-27
Let l(g) = -g**3 - 6*g**2 + 29*g + 182. Determine l(-6).
8
Let a(n) = 2*n**3 - 29*n**2 - 21*n - 1. What is a(15)?
-91
Let g(m) = -m**2 + m. Calculate g(-3).
-12
Let k(a) = -a**3 + 8*a**2 + 21*a - 27. Determine k(10).
-17
Let j(d) = -4*d. Give j(0).
0
Let r(b) = -7*b + 25. Give r(12).
-59
Let v(k) = -k**3 + 15*k**2 - 29*k + 34. Give v(13).
-5
Let g(h) = -h**3 + 21*h**2 + 25*h - 93. Give g(22).
-27
Let s(i) = i**3 + 6*i**2 - 1. Determine s(-4).
31
Let r(k) = 21*k**2 + 2. Determine r(1).
23
Let j(a) = 21*a + 187. What is j(-8)?
19
Let l(f) = -f - 16. Give l(-7).
-9
Let y(j) = j**2 - 29*j + 216. Determine y(16).
8
Let y(j) = 2*j - 24. Give y(0).
-24
Let q(k) = k + 11. Give q(-11).
0
Let n(b) = -b**2 + 22*b - 63. Calculate n(16).
33
Let n(j) = j**3 - 5*j**2 - 7*j + 11. What is n(6)?
5
Let s(d) = 23*d - 140. Determine s(6).
-2
Let c(w) = -w**3 + 2*w**2 + w + 4. Give c(3).
-2
Let h(m) = -m**2 + 14*m + 69. Determine h(18).
-3
Let v(z) = z + 6. What is v(10)?
16
Let r(b) = b**3 + 8*b**2 - 2*b + 1. Give r(-8).
17
Let b(j) = 16*j + 388. What is b(-24)?
4
Let v(w) = -3*w - 21. Give v(-10).
9
Let a(r) = 2*r**2 - 3*r + 1. Determine a(3).
10
Let d(x) = -3*x + 21. Determine d(6).
3
Let t(l) = l**3 - 5*l**2 + 6*l + 8. Give t(3).
8
Let o(l) = -5*l + 207. Calculate o(43).
-8
Let z(i) = i**3 - 2*i**2 + 1. What is z(2)?
1
Let j(v) = -5*v. Calculate j(-4).
20
Let t(s) = 27*s - 297. What is t(11)?
0
Let b(g) = 7*g - 5. What is b(-5)?
-40
Let c(v) = -v**2 - 6. What is c(0)?
-6
Let y(q) = 3*q**3 + 2*q - 9. Determine y(2).
19
Let q(r) = 6*r - 76. Calculate q(6).
-40
Let o(n) = 2*n**2 + n. Calculate o(-1).
1
Let z(s) = 2*s - 82. Give z(0).
-82
Let i(o) = -2*o**2 - 4*o + 6. Give i(-7).
-64
Let b(o) = -o**3 + 39*o**2 - 74*o + 3. Determine b(37).
3
Let g(i) = -35*i - 1. What is g(1)?
-36
Let l(p) = -p**2 + 24*p - 115. What is l(17)?
4
Let w(g) = g - 52. Calculate w(0).
-52
Let t(g) = g**3 + 6*g**2 + 24*g + 90. What is t(-5)?
-5
Let m(d) = d**3 + 13*d**2 + 26*d - 6. Give m(-11).
-50
Let n(w) = w**3 - 8*w**2 - 7*w - 7. Calculate n(9).
11
Let q(d) = -d**3 + 6*d**2 + 2*d - 13. Calculate q(6).
-1
Let j(i) = 2*i**2 - 11*i + 10. Calculate j(5).
5
Let d(g) = -g**2 - g + 9. Calculate d(-7).
-33
Let d(o) = -11*o**2 + 2*o. Give d(2).
-40
Let m(o) = o**2 - 2*o - 1. Determine m(-2).
7
Let w(i) = 14*i + 195. Determine w(-14).
-1
Let s(t) = t**2 + 3*t - 2. Give s(-5).
8
Let d(p) = -p**3 - 7*p**2 - 10*p - 29. Give d(-6).
-5
Let x(w) = -2*w**2 + w - 6. Determine x(3).
-21
Let j(r) = -r**2 + 4*r + 9. Calculate j(0).
9
Let n(d) = -d**3 - 10*d**2 + 9*d - 5. Calculate n(-11).
17
Let j(o) = -3*o - 8. Calculate j(-9).
19
Let d(u) = u. Give d(-6).
-6
Let t(y) = -y**2 - 13*y + 78. Determine t(7).
-62
Let a(q) = -q**3 + 9*q**2 + 4*q - 40. Give a(9).
-4
Let c(q) = q**3 - 11*q**2 - 12*q + 3. Give c(12).
3
Let p(c) = 6*c + 66. Determine p(17).
168
Let j(b) = 18*b - 2. Determine j(-4).
-74
Let p(j) = -j**2 + 15*j + 17. Determine p(15).
17
Let q(w) = w**3 - 4*w**2 - 23. Determine q(0).
-23
Let a(v) = -v**2 - 4*v - 5. What is a(4)?
-37
Let l(p) = 9*p - 150. What is l(20)?
30
Let r(w) = w**3 - 2*w**2 + 4. What is r(2)?
4
Let z(m) = -m**3 - 4*m**2 + 3*m + 12. Calculate z(-5).
22
Let d(f) = -8*f - 39. Determine d(-5).
1
Let j(i) = 6*i - 35. Calculate j(4).
-11
Let p(g) = -2*g**3 - 9*g**2 - 8*g - 12. Calculate p(-4).
4
Let b(c) = c**3 + 7*c**2 + 5*c - 2. Give b(-7).
-37
Let r(f) = -f**3 + 21*f**2 - 40*f + 38. Give r(19).
0
Let k(b) = -47*b + 510. Determine k(11).
-7
Let y(f) = 4*f**2 - 58*f + 34. Calculate y(14).
6
Let z(b) = -4*b + 69. Calculate z(18).
-3
Let u(g) = 24*g - 49. What is u(3)?
23
Let k(a) = -a**3 - 18*a**2 - 35*a - 53. What is k(-16)?
-5
Let n(a) = a + 13. Calculate n(-9).
4
Let q(p) = 9*p - 10. What is q(10)?
80
Let c(u) = u**3 + 5*u**2 + 3*u + 4. What is c(-4)?
8
Let p(u) = -u**2 + 10*u + 15. What is p(0)?
15
Let u(j) = 6*j - 5. What is u(-2)?
-17
Let h(w) = 59*w - 286. What is h(6)?
68
Let s(a) = a**3 - 6*a**2 + 9*a + 3. Give s(4).
7
Let n(c) = -c**3 - 7*c**2 - 4*c - 15. Determine n(-6).
-27
Let f(i) = -18*i - 61. Give f(-4).
11
Let u(q) = q**2 - 9*q - 19. What is u(10)?
-9
Let p(a) = a**3 - 20*a**2 - 20*a + 4. Calculate p(21).
25
Let n(s) = s + 1. Calculate n(-3).
-2
Let r(a) = -a**2 + 9*a + 3. Determine r(5).
23
Let j(b) = -b**2 + 9*b + 19. Give j(10).
9
Let k(a) = -134*a**3 - 2*a - 3. Give k(-1).
133
Let f(z) = z**2 - 5*z - 16. Give f(7).
-2
Let v(f) = -f**3 - 10*f**2 - 2*f + 1. Calculate v(-10).
21
Let a(q) = -q - 7. Give a(7).
-14
Let a(i) = i + 21. Determine a(-26).
-5
Let x(h) = -15*h - 169. Calculate x(-11).
-4
Let m(l) = l**2 + 6*l - 7. Calculate m(-7).
0
Let a(l) = -3*l**2 + 9*l - 1. Determine a(6).
-55
Let o(b) = -b**3 + 12*b**2 - 13*b + 18. Give o(11).
-4
Let z(r) = -11*r + 2. Calculate z(4).
-42
Let x(v) = 2*v**3 + 12*v**2 - 5*v + 5. Give x(-6).
35
Let g(t) = t + 2. What is g(-1)?
1
Let l(i) = -i**3 + 14*i**2 - 15*i + 28. What is l(13)?
2
Let k(q) = -5*q - 50. Determine k(-14).
20
Let v(m) = 3*m - 5. What is v(7)?
16
Let s(d) = d - 5. Calculate s(-6).
-11
Let n(s) = s. Calculate n(7).
7
Let j(i) = 8*i - 13. What is j(6)?
35
Let t(r) = -r**3 + 14*r**2 - 13*r + 18. Determine t(13).
18
Let z(h) = h**2 + 2*h + 6. Give z(-3).
9
Let c(r) = -r**3 - r**2 + 12*r + 17. Calculate c(-5).
57
Let j(o) = -o**2 - 14*o - 58. Determine j(-8).
-10
Let t(i) = i**3 - 6*i**2 + 3*i + 2. Give t(5).
-8